 5*v - j + 17 = 0, -v = v + 2*j + 2. Let u be 1/((-2)/(-1) + v). Is 5/(10/12) - u a prime number?
True
Suppose 0 = -7*p + 4*p + 483. Is p prime?
False
Suppose c + 19 = -127. Let f = c - -243. Let r = f + -66. Is r a composite number?
False
Is (3 - 82)/(3 + -4) prime?
True
Suppose -k - 4*k + 15 = 0. Suppose k*f = 4 + 5. Is (-6)/(-3) + (11 - f) a composite number?
True
Suppose 5*l + 4 - 19 = 0. Is 95*(4 - (l + 0)) prime?
False
Let g = 53 - 38. Is g prime?
False
Let m be (15/12)/((-2)/8). Let a = 24 + m. Is a a prime number?
True
Let j(h) = -h**3 + 13*h**2 - 2*h - 11. Is j(10) a prime number?
True
Let s = 186 + -341. Suppose 4*q - 1430 = -4*g - g, -5*q - 4*g = -1792. Let h = s + q. Is h a prime number?
False
Let f(m) = 244*m. Let t be f(-1). Let c = -161 - t. Is c a composite number?
False
Suppose -24 = 5*r + 2*h, 2*r - h + 10 + 5 = 0. Let v(f) = -4*f - 2. Is v(r) prime?
False
Suppose t - 43 = 120. Is t a prime number?
True
Let a be 1 + -1 + -1 + -51. Let j = 89 + a. Is j a prime number?
True
Suppose p - 2*p = 1. Let d be 3 - (p*4)/2. Suppose -56 = -o - d*u - 12, -96 = -2*o - 2*u. Is o a prime number?
False
Suppose f - 10 = -4*f. Is (f - 0)/(4/502) prime?
True
Let q(u) = u**2 + 8*u + 1. Let h be q(-7). Let n(k) = -k**2 - 7*k - 2. Let p be n(h). Suppose -p*z + 36 = b, -13 = -2*z + 4*b + 5. Is z a prime number?
False
Suppose -2*c + 4891 = 5*o + c, -o - 3*c = -983. Is o prime?
True
Suppose -4*v - 4*u + 83 = u, -2*u = -v + 11. Suppose -4*a = w - 17, -v = -3*a + 2*w - 7*w. Suppose l + 2*o + 94 = 5*l, -4*o - 96 = -a*l. Is l prime?
True
Let a = -12 - -15. Suppose 5*l - a*n - 24 = -9, 5*n - 3 = -l. Is l prime?
True
Let d(f) = -2*f - 8. Let k be d(11). Let s be k/2*-1 - -3. Suppose j - s = 3. Is j a composite number?
True
Let i(u) = 2*u**2 + 4*u + 5. Let j be (15/6)/((-3)/6). Is i(j) composite?
True
Let v(c) = 13 + 8*c + 0*c**2 - c**2 + 3*c**2. Is v(10) a prime number?
True
Let h(z) = z**3 - 13*z**2 - z + 5. Let g(c) = -3*c**3 + 38*c**2 + 3*c - 15. Let k(r) = 6*g(r) + 17*h(r). Let u = -7 - -13. Is k(u) a composite number?
False
Suppose 2*f - 6 = f. Is (-6)/(-9)*2655/f prime?
False
Let h(i) = 197*i - 14. Is h(9) a prime number?
True
Is 1/(-4*2/(-184)) a prime number?
True
Let n(r) = -r**3 + r**2 - 6*r + 1. Let k be n(-8). Suppose -4*f + k = 5*o, -2*o + 152 = f - 5*o. Is f prime?
False
Let g(d) = -d**3 + 6*d**2 + 5. Let k be g(6). Suppose k*h - 214 = 126. Let l = -42 + h. Is l prime?
False
Suppose 46316 = 47*j - 43*j. Is j composite?
False
Let w(b) be the third derivative of -b**6/120 - b**5/5 + b**4/12 + 8*b**3/3 + 2*b**2. Is w(-13) a composite number?
True
Suppose 2*q + 4 = 2. Let z = q + -5. Is ((-105)/z)/(2/4) composite?
True
Let l = -70 - -219. Is l a composite number?
False
Suppose -66 = -g + 17. Suppose 106 = -2*r + 8. Let o = r + g. Is o composite?
True
Suppose 8*j - 3*j + 23 = 3*a, -4*a = -2*j - 54. Suppose 4 = -d + a. Is d/8 + 71/2 a composite number?
False
Suppose 7*z - 3*z = 348. Is z a composite number?
True
Let b = -35 + 3. Let w = -130 - -229. Let p = w + b. Is p a prime number?
True
Suppose -j - 5 = -6*j. Is (229 - 3)/(j*2) composite?
False
Suppose -1 = 4*p - 9. Suppose a = -q - 3*a + 218, -1156 = -5*q + p*a. Suppose 0 = -d - 3*m + 101, 0*d + 2*d - m = q. Is d a prime number?
True
Let l(g) = 49*g + 1. Let s be l(2). Suppose 6*o - i = 3*o + 20, -10 = 2*i. Suppose 0*h = -o*c - h + 102, -2*h + s = 5*c. Is c prime?
False
Let a = -280 + 51. Let g be (-1 - (1 + -1))*a. Suppose 2*z = 4*s - 234, 4*s - g = -0*s - 3*z. Is s composite?
True
Let q(f) = -f**3 + 7*f**2 + 8*f + 4. Let i be q(8). Is (-56)/(-12) - i/6 composite?
True
Suppose -72 - 72 = 3*g. Let l = g + 101. Is l composite?
False
Let y(h) = h**3 - 5*h**2 - 8*h - 3. Let c be 0 + -1 + 0 + 6. Let t be (-64)/(-10) + 3/c. Is y(t) composite?
True
Suppose 1170 = 5*j - 695. Is j composite?
False
Let w = 4489 + -3024. Is w prime?
False
Let i = 408 + -222. Suppose -49 = -2*x + 5*p + i, -3*x - 2*p + 362 = 0. Suppose z = -z - 4, 4*w + 2*z - x = 0. Is w composite?
False
Let y be 3/((-9)/78)*-1. Suppose 114 = 4*u - y. Is u composite?
True
Suppose -257 = -4*b + 311. Suppose -90 - b = -2*j. Let o = 205 - j. Is o prime?
True
Suppose -576 = -4*q + 6*p - 2*p, -4*q = -3*p - 574. Suppose -5*y - h = -188, -q = 3*y - 7*y - 5*h. Is y composite?
True
Suppose -y = y + 36. Let i be 12*((-52)/16 + 0). Let r = y - i. Is r a composite number?
True
Let d(l) = 2*l**3 - 10*l**2 + 7*l + 5. Is d(6) a prime number?
False
Let g = -10 - -16. Suppose -g*r + r = -385. Is r a composite number?
True
Suppose h - 13 = 2*h. Let d = h - -27. Is d prime?
False
Let y = 2 - 16. Let r be 0 + 1 + 3 + 29. Let n = y + r. Is n a prime number?
True
Is (1/1*-1)/((-33)/8382) prime?
False
Let q(m) = 6*m - 3. Let l be (8/14)/((-4)/(-14)). Let c be (-40)/(-5) - l/2. Is q(c) composite?
True
Let n be (-28)/(-42) + 4/3. Suppose 2*j = -n*j + 1276. Is j prime?
False
Suppose -128 - 50 = -2*z. Is z a composite number?
False
Suppose -4*y = -3*b - 1095, 2*y + 0*b - 548 = 2*b. Let c = y + -146. Is c a prime number?
True
Let k(q) = q**3 - 9*q**2 - 4*q + 2. Let m be 4*1*10/4. Is k(m) a prime number?
False
Let j(o) = 10*o**2 - 3*o + 2. Suppose 0 = -n + 3 - 1. Let c be j(n). Let a = c - -53. Is a composite?
False
Suppose -2*f + 243 = f. Suppose -2*o + 72 = a + 2*a, 3*a = o + f. Is a composite?
True
Let b = 250 + -37. Is b composite?
True
Let h = 5 - 4. Let q be h + -3 - (-15 + 1). Let z = -8 + q. Is z a composite number?
True
Suppose -5*b = -0*b - 155. Is b prime?
True
Suppose -3*k = 5*p - 529, -2*p + 226 - 30 = -4*k. Let u = 4 + -3. Is 1/(p/(-106) + u) prime?
True
Let w(r) = 8*r**2 + 6*r + 2. Let z be w(-4). Let a = -20 - -9. Let o = z + a. Is o a composite number?
True
Let w(a) be the third derivative of a**7/2520 + a**6/120 + a**5/30 - a**4/24 - 3*a**2. Let t(i) be the second derivative of w(i). Is t(-6) a composite number?
True
Let q(t) = 10*t**2 + 1 + 2*t**3 + 5*t + 0 - t**3. Let h = -11 - -3. Is q(h) a prime number?
True
Let n = -76 - -127. Is n prime?
False
Let c(v) = 21*v**2 - 2*v - 1. Let p(a) = 5*a**2 - a. Let q be p(1). Let m = -5 + q. Is c(m) a composite number?
True
Suppose -2*o + 3*o = -4*u + 1093, 2*o = 5*u - 1363. Suppose -4*m = 3*g - u, 4*m + 45 = g - 62. Is g a prime number?
False
Let k = 3001 - 1902. Is k a composite number?
True
Let w(a) = -4*a**3 + a**2. Let l be ((-1)/2)/((-3)/(-6)). Let n be w(l). Suppose 5*m - 450 = -n*d, 0*m - 2*m - 105 = -d. Is d a prime number?
False
Let u(o) be the third derivative of -o**7/840 + o**6/45 - o**5/30 - o**3/2 + o**2. Let k(z) be the first derivative of u(z). Is k(5) a composite number?
True
Suppose 15 = 22*v - 17*v, 2*v = -4*g + 818. Is g a composite number?
True
Let f = -2897 + 4090. Is f prime?
True
Let p = -534 - -915. Is p a prime number?
False
Is 18/6 + 913 + 3 a prime number?
True
Let y(j) = 6*j - 3. Let a = 9 + -3. Is y(a) a prime number?
False
Suppose -a + 6*a - 10 = 0. Let j(f) = 2*f**a - f**2 + f - 5 + 0. Is j(-7) a prime number?
True
Let w(r) = r**3 + r**2 + 1. Let g be w(-2). Let l be ((-4)/g)/(2/858). Suppose 3*t + 168 = 5*b - 531, 0 = 4*b + 4*t - l. Is b prime?
False
Suppose t - 4 = 3. Suppose -k + b + t = 0, -k - 1 = -b + 2*b. Suppose -3*x + 9 = -3*f - 69, k*f = 5*x - 122. Is x a prime number?
False
Let m be (-8)/6 + 2/6. Is 452/(-2)*m/2 a composite number?
False
Let t be ((-2)/(-2))/((-1)/(-86)). Suppose -n + 69 + t = 0. Suppose -7*c + 2*c = -n. Is c prime?
True
Is (-12 + -6854)*(-2)/4 a composite number?
False
Let a be (-15)/(12/(-8)*1). Suppose 13*v - 573 = a*v. Is v prime?
True
Let y = -50 + 71. Is y composite?
True
Let g(o) = o + 4. Let x be g(-4). Let u be (-6)/3 + x + 180. Is (-1 - 3)*u/(-8) composite?
False
Let t be (2/(-4))/((-3)/786). Let i(a) = a + 10. Let q be i(-18). Is (t*2)/(q/(-4)) prime?
True
Suppose 12 = -3*l, 4*t = -t - 3*l + 1583. Is t composite?
True
Let s be (-24)/(-10) - (-4)/(-10). Suppose -4*q - p + 4 = 0, 2*q + 7 + 1 = s*p. Suppose -t + q*t = -25. Is t prime?
False
Suppose 1725 = 4*n + 5*w, -928 = -2*n + 2*w - 88. Suppose 6*r - n = r. Is r composite?
True
Let s = -528 - -761. Suppose -109 = -2*p + 5*i, -p - 3*p + s = 5*i. Is p a prime number?
False
Suppose 0 = 4*p - 3*m - 15, -2*p - 5*m = p + 25. Let x = 13 + p. Is x a composite number?
False
Let i be 272 - (-1 